-10). List the prime factors of c/21 + (-1)/(-3).
3, 53
Let k(g) = -2*g - 7. Let w be k(-5). Suppose -w*t + 239 = 95. List the prime factors of t.
2, 3
Let f be (((-324)/(-10))/3)/(24/3280). What are the prime factors of f/39 + 1/(52/8)?
2, 19
Let s = 18 - 23. Let k = -15 + s. List the prime factors of (16/k)/(4/(-190)).
2, 19
Suppose 0 = -3*o + o + 3*l - 12, 4*l - 5 = -o. List the prime factors of 1112/6 - 2/o.
2, 3, 31
Let r(j) = -2*j + 19 - j - 3*j + 4*j. Let d be r(13). Let y = 15 + d. What are the prime factors of y?
2
What are the prime factors of (39/117)/(3/13239)?
1471
Suppose -16*a + 2480 = -6*a. What are the prime factors of a?
2, 31
Let w = -45 - -73. Suppose -w = -4*g + 100. List the prime factors of g.
2
Let z = -6 + 9. Suppose -5*n - k + 23 = -4*k, 3*k + z = 0. List the prime factors of (n/(-6))/(4/(-78)).
13
Let n be (-271)/(-5) - 3/15. Suppose 2*c = -w + c + 54, -w + n = 5*c. Suppose 0 = u - 5*j - 51 + 5, u - j = w. List the prime factors of u.
2, 7
Suppose -719 - 70 = -3*o. Let t = -174 + o. What are the prime factors of t?
89
Let a be ((-6)/4)/((-7)/14). Let x be 6 - (9/a + -5). What are the prime factors of (20/x)/((-2)/(-4))?
5
Suppose 4*f - f + 5*n = 243, -f + 2*n + 70 = 0. Let b = -12 + f. What are the prime factors of b?
2
Suppose o - 74 = -2*j, -2*j = o + 2*o - 74. Suppose 2*p = -j + 145. What are the prime factors of p?
2, 3
Let y = -59 + 73. Let u(i) = i**2 - 12*i - 2. List the prime factors of u(y).
2, 13
Let g = -124 - -122. What are the prime factors of (g - (-126)/(-12))/((-1)/22)?
5, 11
Suppose 10*m = 28*m - 1044. List the prime factors of m.
2, 29
Let o = -24 + 31. Suppose -o*d = -0*d - 322. List the prime factors of d.
2, 23
Let o = -20 - -11. Suppose -8*h + 126 = -2*h. Let r = o + h. List the prime factors of r.
2, 3
Suppose -5 = -2*w - q, 5*q + 0 = 5*w + 10. Let b be -6*(w - 12/8). Suppose b*t - 6*t = -240. What are the prime factors of t?
2, 5
Let k(f) = -2*f**3 - 5*f**2 + 2*f - 7. Suppose 0 = 4*q + 23 + 1. What are the prime factors of k(q)?
233
Let q(b) = -b**3 - 12*b**2 + 12*b + 9. Let r(d) = -d**3 - 3*d**2 + 5*d + 2. Let j be r(-3). Let o be q(j). Suppose -4*u - o = -5*u. List the prime factors of u.
2, 11
Suppose -5 = 4*h + h. What are the prime factors of (116*h/(-2))/2?
29
Suppose -a = -4*m + 3721, 5*a + 549 = m - 367. What are the prime factors of m?
7, 19
Let f(c) = -c**2 - 9*c - 9. Let p be f(-6). Suppose 0 = b - 5*s - 122, 223 = 2*b + 2*s - p. What are the prime factors of b?
3, 13
Suppose 4*t = -0*t + 328. Suppose -t - 5 = 3*n. Let o = -15 - n. What are the prime factors of o?
2, 7
Suppose -2*d + 2*k = 2*d + 74, -4*d - 4*k = 56. Let b(p) = -3*p - 26. What are the prime factors of b(d)?
5
Suppose -3*u = -0 - 3, -q - 2*u = -17. What are the prime factors of 12/q*((-350)/4)/(-5)?
2, 7
Suppose 24*c - 8758 = -34*c. What are the prime factors of c?
151
Let n = -130 + 124. What are the prime factors of -4 + n/((-12)/406)?
199
Suppose -k - 2*s + 14 = 0, -4*s - 3 = -3*k + 9. Suppose -k*l = -6*l - 2. Let p(w) = 5*w**2. What are the prime factors of p(l)?
5
Let n be (-9)/(-24)*4*4. Suppose n*h - 308 = 4*h. What are the prime factors of h?
2, 7, 11
Let v(j) = j**3 - j - 27. Let a be v(0). Let o be 1 + (-4 - -2) + -52. Let n = a - o. What are the prime factors of n?
2, 13
Let q = 22 + -73. Let g = q + 81. List the prime factors of (16/(-20))/((-2)/g).
2, 3
Suppose 0 = 8*s - 34 - 6. Suppose -4*h - c = -650 - 13, 327 = 2*h + s*c. List the prime factors of h.
2, 83
Suppose -52*k + 56*k - 7805 = -3*u, -2*k = 3*u - 7795. List the prime factors of u.
3, 5, 173
Let y = 0 - 7. Let p be y/(-21)*6*-1. Let c = p - -10. List the prime factors of c.
2
Suppose 44 = -4*w - 12. Let a = 8 + w. What are the prime factors of (a/(-2))/((-3)/(-17))?
17
List the prime factors of ((-63)/(-2) + -5)/(4/152).
19, 53
Let u be (20/24)/((-3)/(-18)). Suppose 2*l = -2*l + 5*k + 33, -23 = l + u*k. List the prime factors of (-1)/l + 27/2.
13
Let y = 8 - -8. Let q be (-1 + -1)/(y/(-2512)). Suppose 2*n = 4*l - q, n + 315 = 2*l + 2*l. List the prime factors of l.
79
Suppose -68 = -4*o - 4*t, -3*o = -2*t - 25 - 46. Let v = 0 + o. List the prime factors of v.
3, 7
List the prime factors of ((-27372)/(-15))/(2/5).
2, 2281
Suppose 0 = -2*y + 4*j - 3*j + 242, 2*j + 4 = 0. Let q = y - 48. What are the prime factors of q?
2, 3
Suppose -28*g = -21*g - 840. List the prime factors of g.
2, 3, 5
List the prime factors of (6618/15)/(26/65).
1103
Let c(g) = 11*g - 21. Suppose -4 = -5*d - 44. Let x = d + 15. What are the prime factors of c(x)?
2, 7
Let z = 425 + -221. What are the prime factors of z?
2, 3, 17
Let g = 671 - 300. List the prime factors of g.
7, 53
Let b(s) = -s**3 - 7*s**2 + 18*s + 88. List the prime factors of b(-9).
2, 11
Let k = 513 - 183. What are the prime factors of k?
2, 3, 5, 11
Suppose -5*o - 227 = -d, 0 = 3*d - o - 3*o - 725. List the prime factors of d.
13, 19
What are the prime factors of (-672255)/(-270) - 2/(-12)?
2, 3, 5, 83
List the prime factors of -4 + -6 + (3815 - -3).
2, 7, 17
Let q = 135 - 106. List the prime factors of q.
29
Let g(o) = -o**3 + o**2. Let u be g(-1). Suppose -u*d + 4 = 2*d, 2*d = 4*r - 46. Let h = 35 - r. List the prime factors of h.
23
Suppose 4*s = -0*s + 3*n + 5, 5*s - 5*n - 5 = 0. Suppose 0 = 4*q - s - 2. List the prime factors of (-2)/q*3/(-2).
3
Suppose 180 = 3*w + 3*z, 3*w + 4*z = 170 + 13. Suppose -4*m + 155 = -w. What are the prime factors of m?
53
List the prime factors of 0 - (-3)/5 - (-15984)/10.
3, 13, 41
Let t = 23 - 17. Let f = -4 + t. What are the prime factors of f/(-6) + 86/6?
2, 7
Let k = 852 - 342. What are the prime factors of k?
2, 3, 5, 17
Let i = -410 - -768. What are the prime factors of i?
2, 179
Let r be (-5)/(-7) + (-2)/(-7). Let d be r/(-1)*-3 + 417. What are the prime factors of (32/(-10))/((-24)/d)?
2, 7
Suppose -44*g + 2*g + 4410 = 0. What are the prime factors of g?
3, 5, 7
Let g be (78/12)/(7/14). Let q(f) = -10*f + 14*f**2 - f**3 + 2 - f + f. What are the prime factors of q(g)?
41
Let r(o) = -o**3 - 3*o**2 + 5*o. Let t = 18 - 16. Let g be r(t). List the prime factors of (82/g)/(11/(-55)).
41
Let m(r) be the first derivative of 2*r**3/3 - 31*r**2/2 + 22*r - 9. What are the prime factors of m(16)?
2, 19
What are the prime factors of (0 - (-25352)/12)/(20/30)?
3169
Let x = -2 - 6. Let v = x + 14. Suppose -d + v*d = n - 41, 2*d - 34 = -2*n. What are the prime factors of n?
3, 7
Suppose 0 = 7*h + 2*h - 17658. Suppose -80*f = -86*f + h. List the prime factors of f.
3, 109
List the prime factors of ((-30)/4)/(24/(-432)).
3, 5
Let p = 0 + 2. Let y be (0 + 1)*(p - -637). What are the prime factors of y/21 + (-3)/7?
2, 3, 5
Let q = -889 + 1467. List the prime factors of q.
2, 17
Suppose -5*v + 51 = 2*a, -2*a - a = -2*v - 48. List the prime factors of 12640/144 + 4/a.
2, 11
Let x = 1661 - 966. Suppose -4*u = 55 - x. List the prime factors of u.
2, 5
Let f = -55 - -58. Let s(q) = 6*q**2 - 9. What are the prime factors of s(f)?
3, 5
Let v(o) = -65*o + 47. What are the prime factors of v(-11)?
2, 3, 127
List the prime factors of 9/4*24/(-18)*-664.
2, 3, 83
Suppose -2*r + 6*r = 4*s, 3*s + 4*r - 35 = 0. Let x = s + -1. Suppose o + 90 = x*o. List the prime factors of o.
2, 3, 5
Let a = -348 + 574. List the prime factors of a.
2, 113
Suppose -78*b = -83*b - 210. Suppose 0 = -n + 2*r - 52, 2*n = r - 100 - 16. Let x = b - n. What are the prime factors of x?
2, 3
List the prime factors of (-32)/(-96) + (-3626)/(-3).
3, 13, 31
Suppose -w - 5*n + 166 = 0, -w + 170 = -0*w + 3*n. Suppose 0 = 5*o - w + 71. List the prime factors of o.
3, 7
Suppose 0 = -2*x - 4*y + 288, 16*y + 426 = 3*x + 19*y. List the prime factors of x.
2, 5, 7
Let j(a) = a**3 + a - 39. Let m be j(0). Let r = 94 + m. What are the prime factors of r?
5, 11
Suppose -3*p - p = -12, h + 4*p = 1912. List the prime factors of h.
2, 5, 19
Suppose 5*o = 2*s + 4649, s - 798 - 3845 = -5*o. List the prime factors of o.
929
Let o(c) = 2*c**3 - 12*c**2 + 13*c + 8. List the prime factors of o(7).
197
Let x(b) = -b**2 + 2*b. Let h be x(2). Suppose -4*s + 2*d + d + 471 = h, -4*d + 12 = 0. What are the prime factors of s?
2, 3, 5
Suppose -5*i - 48 - 7 = 0. Let f(b) = b**3 + 12*b**2 + 10*b - 5. Let h be f(i). Let u(k) = -k**2 + 7*k + 6. List